 = g + 3. Suppose g*v = 134 - i. Calculate the remainder when v is divided by 9.
6
Suppose -35*o + 1730 = -30*o. What is the remainder when o is divided by 58?
56
Let o be 6/15 - 23/(-5). Suppose 8 = 2*t - 5*t - o*v, 2*t - 3*v + 18 = 0. Let q = t + 29. What is the remainder when q is divided by 8?
7
Let m = 669 - 581. Calculate the remainder when 96 is divided by m.
8
Suppose -5*r + 103 = -17. What is the remainder when 33 is divided by r/(-6) + 44/2?
15
Let k(r) = r**3 + 3*r + 9. What is the remainder when 19 is divided by k(0)?
1
Let r = 1 - 2. Let k(n) = -n**2 + 37*n + 44. Calculate the remainder when k(0) is divided by r/(-2) - 34/(-4).
8
Suppose n = t + 71, -4*n + 248 = -0*t + 5*t. Calculate the remainder when 462 is divided by n.
60
Suppose -2294*k + 931 = -2287*k. What is the remainder when k is divided by 23?
18
Suppose 0 = 3*t + 2*q - 9 - 13, 2*q - 32 = -4*t. Let p be 148/20 - (-4)/(-10). Suppose -4*r = -p*r + 114. What is the remainder when r is divided by t?
8
Let n(u) = -116*u - 239. What is the remainder when n(-3) is divided by 12/(-10)*(-70)/3?
25
Let g = -121 - -260. What is the remainder when g is divided by 47?
45
Let z = -70 - -127. Calculate the remainder when z is divided by 21.
15
Suppose 2*a - 164 = -4*t, 2*a + 2*t = 6*t + 164. What is the remainder when a is divided by 21?
19
Let v be 0/(-4 - (3 - 6)). Let s = 23 - 6. What is the remainder when -1 + (1 - (v - 67)) is divided by s?
16
Let t be (9/(-4))/(4 + (-393)/96). Suppose b - 4 = -d + t, -5*b + 147 = -2*d. Calculate the remainder when 56 is divided by b.
27
Let u be 6/4*(6 - 4). Suppose s = u*g + 11, s - 2*g + 3*g = 7. Suppose 4*q - 2*q = s. What is the remainder when 10 is divided by q?
2
Suppose -5*j - 116 = -4*c - j, 4*j = -4*c + 84. Calculate the remainder when (-18)/7*(-1 - (-1308)/(-36)) is divided by c.
21
Suppose -5*a + 173 + 127 = 0. Let w = a + -39. What is the remainder when 38 is divided by w?
17
Suppose 11*s - 19*s + 24 = 0. Calculate the remainder when s is divided by 1.
0
Suppose 14*i - 320 + 54 = 0. Calculate the remainder when 188 is divided by i.
17
Suppose 5*f + 11*u - 123 = 7*u, -u = f - 25. Calculate the remainder when 1516 is divided by f.
21
What is the remainder when 164 is divided by -12*(-5)/(-10) + 39?
32
Suppose -o + 12 = 3*z + o, 4*z = -2*o + 14. Let q(w) = 3*w**2 - w - z*w**2 + 11 + 0*w**2. What is the remainder when q(0) is divided by 5?
1
Let m be (-5)/(-15)*1*-12. What is the remainder when 6 is divided by (-2)/m*0 + (8 - 6)?
0
Let h = -249 - -626. What is the remainder when h is divided by 21?
20
Let q(o) = o**3 - 4*o**2 + 2*o - 2. Let u be q(5). Let g = u - -12. Suppose -2*t = -t - 8. Calculate the remainder when g is divided by t.
5
Let q(w) = -2*w + 10. Let g be q(3). Suppose -z = 2*x - x - 23, 3 = x - g*z. Calculate the remainder when x is divided by 5.
4
Let n = -23 - 2. Let m = -13 - n. Suppose 0*o + o = m. Calculate the remainder when o is divided by 5.
2
Let j(h) = 2*h**3 + h**2 - 4 + 6 - 2*h**2. Let d be j(-2). What is the remainder when 23 is divided by (-42)/(-9)*d/(-7)?
11
Suppose 1 = -4*d + 5*d - 2*f, -2*d - 2*f + 26 = 0. Calculate the remainder when 14 is divided by d.
5
Let o(g) = 6*g**2 - 12*g + 11. Calculate the remainder when o(7) is divided by 32.
29
Let n = -28 - -60. Let u = 2412 - 2318. Calculate the remainder when u is divided by n.
30
Let s = 1060 + -1027. Let i = 82 - -81. What is the remainder when i is divided by s?
31
Let f(l) = -76*l - 2. What is the remainder when 134 is divided by f(-1)?
60
Let h = -1322 - -1405. Calculate the remainder when h is divided by 33.
17
Let z be 165/(-22)*(-24)/(-5). Let r = -26 - z. What is the remainder when 39 is divided by r?
9
Suppose 3*s - 36 = r, 0 = -2*s + 5*r - r + 34. Let y(j) = j**2 - 11*j + 8. What is the remainder when 13 is divided by y(s)?
5
Suppose -x - 23 = -77. What is the remainder when x is divided by 11?
10
Calculate the remainder when -7 - -9 - 61/(-1) is divided by 32.
31
Let w(c) = 2*c**2 + 2*c - 4. Let r(z) be the third derivative of z**5/60 + z**4/8 + 5*z**3/3 - 6*z**2. Calculate the remainder when r(-4) is divided by w(2).
6
Let h = -174 + 188. What is the remainder when 222 is divided by h?
12
Let f = -176 + 813. Calculate the remainder when f is divided by 22.
21
Let o(a) = -101*a - 59. What is the remainder when o(-5) is divided by 16?
14
Let l(y) = y**2 + 3*y + 17. What is the remainder when 371 is divided by l(9)?
121
Suppose -45 = 9*q - 702. Calculate the remainder when q is divided by 19.
16
Calculate the remainder when 302 is divided by (-426)/(-27) + (-14)/(-63).
14
Suppose -5*a = -12*a. What is the remainder when 133 is divided by (-2 + -1 - a)*-9?
25
Let f be 3/((9/10)/((-48)/(-40))). Calculate the remainder when (-150)/(-9) + f/(-6) is divided by 4.
0
Suppose -3*q = -0*q - 333. Let t(n) = n**3 - 8*n**2 - 46*n - 8. Let b be t(12). Suppose -56 = b*s - 18*s. Calculate the remainder when q is divided by s.
27
Let q(g) = -g**2 + 3*g + 95. What is the remainder when q(0) is divided by (-358)/(-14) - 24/42?
20
Let p = -163 + 243. Suppose 6*x - o - 64 = 3*x, p = 4*x - 4*o. What is the remainder when x is divided by 6?
4
Let l be 8/(-4) - -52 - 2. Let q = -7 + l. Calculate the remainder when 81 is divided by q.
40
Let p(k) = -29*k - 3. Calculate the remainder when (((-8)/3)/(-4))/((-2)/(-213)) is divided by p(-1).
19
Let u be -18*(-1 - (-2 + 128/12)). Suppose -5*p - 29 = -u. What is the remainder when 112 is divided by p?
25
Suppose 5*w = -3*g + 151, 4*g + 63 = -w + 270. Let b(v) = -3*v**3 - v**2 + 13*v + 24. What is the remainder when g is divided by b(-2)?
16
Let v(i) = i**3 - 2*i**2 + 1. Let y be v(3). Suppose 80 = 5*g + y. Let u(c) = -2*c**2 - 22*c + 12. Calculate the remainder when u(-4) is divided by g.
12
Suppose 155*p - 162*p + 1946 = 0. What is the remainder when p is divided by 8?
6
Suppose 100*f - 82*f - 360 = 0. Calculate the remainder when 73 is divided by f.
13
Let k(a) = 80*a**2 - 2*a - 1. Let q = 47 - 47. Suppose q = -4*m + 2*c + 78, -c - c = -6. What is the remainder when k(-1) is divided by m?
18
Let k(t) = t**3 + t**2 - 2*t + 6. Let f be k(4). Suppose 4*z = 58 + f. What is the remainder when z is divided by 7 - ((3 - 3) + -2)?
7
Let x(j) = -j - 4. Let z = 21 - 19. Suppose z = s + s. Calculate the remainder when x(-7) is divided by s.
0
Suppose -5*c + 106 = 51. Let j = c + 22. Suppose 4*l - 12 = 0, 2*w + 0*l - 24 = -2*l. Calculate the remainder when j is divided by w.
6
Calculate the remainder when 18 is divided by (-1)/(4/(-8)) - -3.
3
Let x = -296 - -416. What is the remainder when x is divided by 61?
59
Let b(v) = 3*v - 25. Let p(m) = m - 6. Let j(x) = -2*b(x) + 9*p(x). What is the remainder when 19 is divided by j(5)?
8
Suppose -5*b - 73 = -k + 1, -2*k + 88 = 5*b. What is the remainder when k is divided by 36?
18
Let m(r) = -39*r + 2*r**2 + 10 + 49*r + 11. What is the remainder when m(-7) is divided by (-8)/2*51/(-12)?
15
Suppose -2*b + 3*p = -69, 51*p - 52*p - 32 = -b. What is the remainder when (-57)/(-6)*(15 + -1) is divided by b?
25
Suppose -2*q = -39 - 13. Let n(y) = 3*y**3 - 9*y**2 + 5*y - 1. What is the remainder when q is divided by n(3)?
12
Let n = 39 - 32. Let f(l) = 5*l**2 - 1. Let c be f(-1). Suppose -c*q = -65 - n. What is the remainder when 70 is divided by q?
16
Let t be 13 - (-6)/((-18)/15). What is the remainder when t/4 + 47 + 2/1 is divided by 28?
23
What is the remainder when 57 is divided by (1421/174)/((-1)/(-6)) - -5?
3
Suppose -4*t - 3*u + 178 = -5*u, 2*u = -2*t + 98. Suppose 0*j + 2*j = -128. Calculate the remainder when t is divided by (6/(-8))/(4/j).
10
Suppose 606*s + 440 = 500*s + 2030. What is the remainder when (25/2)/(2/4) is divided by s?
10
Suppose -3*p - 20 = -5*p. Suppose -2*d = d + 3*b - 30, 2*b = 4*d - p. Suppose 2*i = i - 2*a + d, -4*a = 5*i - 31. What is the remainder when i is divided by 2?
1
Suppose -4*q - q + 195 = 0. Let f(h) = 68*h + 828. What is the remainder when q is divided by f(-12)?
3
Suppose 1 = 4*c - 11. Suppose c*f - 8 = -p, 0*f + 4*f + 4 = 0. Let q = 8 - -24. Calculate the remainder when q is divided by p.
10
Suppose -3587 = -68*d + 2737. Calculate the remainder when 645 is divided by d.
87
Suppose -7*l + 10*l - 285 = -3*n, -2*l + 10 = 0. Calculate the remainder wh